 31, 1627651
What are the prime factors of 938398909?
7, 134056987
What are the prime factors of 1365727028?
2, 17, 23, 107, 8161
List the prime factors of 100564650.
2, 3, 5, 199, 1123
List the prime factors of 5470823.
1823, 3001
List the prime factors of 568832443.
263, 829, 2609
List the prime factors of 18926481.
3, 7, 107, 8423
What are the prime factors of 119825733?
3, 1901, 21011
What are the prime factors of 697956257?
10733, 65029
What are the prime factors of 259666578?
2, 3, 19, 89, 449
List the prime factors of 24703967.
1637, 15091
List the prime factors of 542033016.
2, 3, 7, 31, 199, 523
What are the prime factors of 4048347202?
2, 3719, 544279
List the prime factors of 1441052358.
2, 3, 829, 289717
List the prime factors of 117678674.
2, 2153, 27329
List the prime factors of 2739355737.
3, 913118579
What are the prime factors of 198034404?
2, 3, 16502867
List the prime factors of 469025760.
2, 3, 5, 7, 139591
What are the prime factors of 167722637?
7109, 23593
List the prime factors of 27699452.
2, 11, 23, 101, 271
What are the prime factors of 329639750?
2, 5, 11, 119869
List the prime factors of 144074791.
7, 1459, 14107
List the prime factors of 6800756.
2, 1700189
List the prime factors of 1648746209.
11, 59, 2540441
List the prime factors of 1149295023.
3, 31, 509, 8093
List the prime factors of 105031755.
3, 5, 778013
List the prime factors of 22309497.
3, 7, 29, 12211
List the prime factors of 2999712.
2, 3, 31247
What are the prime factors of 2226890333?
17, 5003, 26183
List the prime factors of 48251117.
17, 43, 149, 443
List the prime factors of 400713692.
2, 100178423
List the prime factors of 53103690.
2, 3, 5, 590041
List the prime factors of 41610463.
31, 47, 28559
List the prime factors of 41337360.
2, 3, 5, 57413
What are the prime factors of 1561280754?
2, 3, 11, 23655769
What are the prime factors of 28681540?
2, 5, 1434077
List the prime factors of 43887133.
43, 1020631
What are the prime factors of 142817266?
2, 71408633
What are the prime factors of 26957064?
2, 3, 1123211
List the prime factors of 784111330.
2, 5, 3049, 25717
List the prime factors of 4183215792.
2, 3, 7, 97, 128351
What are the prime factors of 147884049?
3, 19, 307, 313
List the prime factors of 223152257.
3463, 64439
What are the prime factors of 149456380?
2, 5, 7472819
What are the prime factors of 200326645?
5, 431, 92959
What are the prime factors of 530826390?
2, 3, 5, 5898071
List the prime factors of 228093661.
67, 3404383
What are the prime factors of 109545040?
2, 5, 11, 281, 443
List the prime factors of 628921105.
5, 137, 263, 3491
What are the prime factors of 53788644?
2, 3, 7, 13, 421
What are the prime factors of 23317611?
3, 31, 250727
List the prime factors of 4372462.
2, 2186231
What are the prime factors of 8406129?
3, 101, 27743
List the prime factors of 7795127811.
3, 4019, 646523
What are the prime factors of 206156776?
2, 7, 3681371
What are the prime factors of 23844692?
2, 5961173
What are the prime factors of 159849410?
2, 5, 7, 2283563
What are the prime factors of 560357108?
2, 140089277
What are the prime factors of 142880797?
109, 191, 6863
What are the prime factors of 118588984?
2, 53, 389, 719
What are the prime factors of 29398843?
163, 180361
List the prime factors of 111891943.
17, 67, 193, 509
List the prime factors of 47126538.
2, 3, 43, 60887
List the prime factors of 802034405.
5, 61, 2629621
What are the prime factors of 119771598?
2, 3, 43, 109, 4259
What are the prime factors of 4291493610?
2, 3, 5, 143049787
What are the prime factors of 279548798?
2, 103, 661, 2053
What are the prime factors of 865523063?
21617, 40039
List the prime factors of 4500322085.
5, 7, 128580631
List the prime factors of 355972143.
3, 83, 89, 16063
What are the prime factors of 2115212060?
2, 5, 13, 449, 18119
What are the prime factors of 1289089276?
2, 19, 233, 72797
List the prime factors of 6955149794.
2, 173, 20101589
List the prime factors of 1454969350.
2, 5, 29099387
List the prime factors of 2520253.
101, 24953
List the prime factors of 3122183019.
3, 2441, 426353
What are the prime factors of 1408745458?
2, 457, 1541297
List the prime factors of 211143530.
2, 5, 13, 101, 1237
What are the prime factors of 1132633804?
2, 23, 113, 108949
List the prime factors of 1038151773.
3, 19, 29, 209347
What are the prime factors of 336395075?
5, 3203, 4201
What are the prime factors of 20207756?
2, 5051939
List the prime factors of 1144490957.
53, 21594169
What are the prime factors of 273890366?
2, 17, 61, 132059
What are the prime factors of 1152301506?
2, 3, 59, 55171
What are the prime factors of 1812246489?
3, 201360721
List the prime factors of 23294957.
7, 73, 45587
List the prime factors of 44622448.
2, 13, 214531
List the prime factors of 1739537135.
5, 7, 41, 1212221
List the prime factors of 504281539.
504281539
List the prime factors of 41433842.
2, 20716921
What are the prime factors of 386407603?
17, 22729859
List the prime factors of 53198867.
109, 449, 1087
List the prime factors of 1089189249.
3, 509, 713287
What are the prime factors of 281471342?
2, 4931, 28541
What are the prime factors of 35772515?
5, 29, 246707
What are the prime factors of 19154812?
2, 19, 252037
List the prime factors of 723799825.
5, 7, 349, 1693
What are the prime factors of 252833025?
3, 5, 37, 179, 509
List the prime factors of 172322631.
3, 13, 41, 35923
What are the prime factors of 3854360446?
2, 53, 36361891
What are the prime factors of 4106760965?
5, 1553, 528881
List the prime factors of 1145969927.
487, 2353121
List the prime factors of 978121601.
239, 4092559
What are the prime factors of 66114431?
227, 291253
List the prime factors of 1112607530.
2, 5, 83, 1340491
What are the prime factors of 322056060?
2, 3, 5, 5367601
What are the prime factors of 1260399127?
13, 573691
List the prime factors of 787230691.
13, 3167, 19121
List the prime factors of 31334061.
3, 11, 949517
List the prime factors of 785472080.
2, 5, 17, 23, 25111
What are the prime factors of 5514592704?
2, 3, 3719, 7723
What are the prime factors of 185049522?
2, 3, 7, 17, 29, 331
List the prime factors of 839254417.
53, 83, 190783
List the prime factors of 89927184.
2, 3, 541, 3463
What are the prime factors of 190736928?
2, 3, 662281
List the prime factors of 161473385.
5, 43, 331, 2269
List the prime factors of 3500989103.
3500989103
What are the prime factors of 19151894?
2, 17, 167, 3373
List the prime factors of 2283956568.
2, 3, 67, 97, 1627
What are the prime factors of 2937477840?
2, 3, 5, 11, 59, 18859
What are the prime factors of 185134532?
2, 11, 37, 113719
What are the prime factors of 15553132?
2, 7, 227, 2447
What are the prime factors of 49775302?
2, 24887651
List the prime factors of 47041701.
3, 7, 19, 117899
What are the prime factors of 59070491?
59070491
What are the prime factors of 1731527912?
2, 19, 11391631
List the prime factors of 61787026.
2, 7, 83, 53173
List the prime factors of 69428954.
2, 7, 2113, 2347
What are the prime factors of 639568128?
2, 3, 832771
List the prime factors of 1002976977.
3, 29, 11528471
List the prime factors of 404839577.
404839577
What are the prime factors of 77613507?
3, 1669, 5167
List the prime factors of 1584436521.
3, 528145507
List the prime factors of 1076681821.
499, 2157679
List the prime factors of 29073817.
23, 79, 16001
List the prime factors of 9986167.
2017, 4951
What are the prime factors of 508535524?
2, 7, 2594569
List the prime factors of 360849903.
3, 71, 107, 223
What are the prime factors of 120310484?
2, 7, 613829
List the prime factors of 955066681.
17, 37, 89317
What are the prime factors of 28607936?
2, 7, 63857
What are the prime factors of 249872106?
2, 3, 11, 149, 25409
What are the prime factors of 3759140275?
5, 11, 53, 23447
What are the prime factors of 126437215?
5, 25287443
What are the prime factors of 4617523968?
2, 3, 6012401
List the prime factors of 637355474.
2, 7, 31, 1468561
What are the prime factors of 965268022?
2, 482634011
What are the prime factors of 454219084?
2, 11, 10323161
List the prime factors of 81972268.
2, 7, 2927581
List the prime factors of 484125911.
1511, 320401
List the prime factors of 1221544077.
3, 13, 977, 32059
Lis